ivided by 23?
21
What is the remainder when 14154 is divided by 14152?
2
Calculate the remainder when 14017 is divided by 51.
43
What is the remainder when 61946 is divided by 413?
409
Calculate the remainder when 3047 is divided by 1496.
55
What is the remainder when 214982 is divided by 6?
2
What is the remainder when 1091 is divided by 273?
272
Calculate the remainder when 54383 is divided by 9.
5
What is the remainder when 74554 is divided by 632?
610
Calculate the remainder when 183971 is divided by 33.
29
What is the remainder when 5716 is divided by 221?
191
Calculate the remainder when 3407 is divided by 1226.
955
Calculate the remainder when 1175928 is divided by 97.
94
Calculate the remainder when 31847 is divided by 147.
95
Calculate the remainder when 1614 is divided by 269.
0
Calculate the remainder when 27034 is divided by 13515.
4
What is the remainder when 70070 is divided by 1630?
1610
What is the remainder when 6133 is divided by 6126?
7
What is the remainder when 211576 is divided by 591?
589
What is the remainder when 2723 is divided by 201?
110
What is the remainder when 26019 is divided by 123?
66
Calculate the remainder when 45083 is divided by 399.
395
What is the remainder when 27754 is divided by 79?
25
What is the remainder when 7345 is divided by 362?
105
What is the remainder when 27836 is divided by 1729?
172
What is the remainder when 1485 is divided by 377?
354
Calculate the remainder when 452300 is divided by 53.
51
Calculate the remainder when 88934 is divided by 18.
14
What is the remainder when 1435 is divided by 165?
115
Calculate the remainder when 284 is divided by 194.
90
What is the remainder when 1051999 is divided by 800?
799
What is the remainder when 2752 is divided by 1376?
0
What is the remainder when 604189 is divided by 21578?
5
What is the remainder when 28841 is divided by 227?
12
Calculate the remainder when 187792 is divided by 4580.
12
What is the remainder when 1981 is divided by 1958?
23
What is the remainder when 172275 is divided by 236?
231
What is the remainder when 1334067 is divided by 10?
7
Calculate the remainder when 280097 is divided by 13.
12
Calculate the remainder when 6445 is divided by 180.
145
What is the remainder when 3960 is divided by 3940?
20
Calculate the remainder when 6705 is divided by 694.
459
Calculate the remainder when 2403 is divided by 869.
665
Calculate the remainder when 207381 is divided by 14.
13
Calculate the remainder when 64258 is divided by 595.
593
What is the remainder when 26408 is divided by 93?
89
What is the remainder when 14350 is divided by 8?
6
Calculate the remainder when 191 is divided by 77.
37
What is the remainder when 20484 is divided by 105?
9
Calculate the remainder when 848 is divided by 279.
11
Calculate the remainder when 4405 is divided by 225.
130
What is the remainder when 12991 is divided by 2597?
6
What is the remainder when 48834 is divided by 520?
474
Calculate the remainder when 24682 is divided by 24621.
61
What is the remainder when 189886 is divided by 2134?
2094
Calculate the remainder when 511 is divided by 446.
65
Calculate the remainder when 10877 is divided by 418.
9
What is the remainder when 9971 is divided by 19?
15
What is the remainder when 3806 is divided by 392?
278
What is the remainder when 1576 is divided by 292?
116
What is the remainder when 6687 is divided by 1670?
7
Calculate the remainder when 260242 is divided by 770.
752
What is the remainder when 87403 is divided by 658?
547
Calculate the remainder when 4637 is divided by 58.
55
Calculate the remainder when 8414 is divided by 8377.
37
What is the remainder when 3534 is divided by 8?
6
Calculate the remainder when 55270 is divided by 27598.
74
Calculate the remainder when 59311 is divided by 11858.
21
Calculate the remainder when 11149 is divided by 1082.
329
Calculate the remainder when 98382 is divided by 20.
2
What is the remainder when 723 is divided by 100?
23
Calculate the remainder when 333411 is divided by 77.
1
What is the remainder when 30871 is divided by 7202?
2063
Calculate the remainder when 23216 is divided by 7726.
38
Calculate the remainder when 43206 is divided by 230.
196
What is the remainder when 6331 is divided by 2089?
64
Calculate the remainder when 281501 is divided by 2559.
11
What is the remainder when 2943026 is divided by 844?
842
Calculate the remainder when 1938 is divided by 284.
234
What is the remainder when 9806 is divided by 27?
5
What is the remainder when 9308 is divided by 186?
8
What is the remainder when 457 is divided by 366?
91
What is the remainder when 2616 is divided by 794?
234
Calculate the remainder when 2271 is divided by 1113.
45
Calculate the remainder when 3700 is divided by 270.
190
What is the remainder when 189478 is divided by 8?
6
Calculate the remainder when 16340 is divided by 8044.
252
Calculate the remainder when 3466 is divided by 570.
46
What is the remainder when 3509 is divided by 738?
557
What is the remainder when 163820 is divided by 202?
200
Calculate the remainder when 11958 is divided by 1665.
303
Calculate the remainder when 75839 is divided by 1944.
23
What is the remainder when 77573 is divided by 431?
424
What is the remainder when 3076 is divided by 52?
8
What is the remainder when 22159 is divided by 5517?
91
What is the remainder when 72234 is divided by 21?
15
What is the remainder when 10941 is divided by 21?
0
Calculate the remainder when 49678 is divided by 49630.
48
Calculate the remainder when 733699 is divided by 40761.
1
Calculate the remainder when 51146 is divided by 40.
26
What is the remainder when 96344 is divided by 62?
58
What is the remainder when 39038 is divided by 471?
416
What is the remainder when 51415 is divided by 14?
7
Calculate the remainder when 35642 is divided by 149.
31
Calculate the remainder when 4309 is divided by 2140.
29
What is the remainder when 14400 is divided by 129?
81
Calculate the remainder when 106097 is divided by 17.
0
Calculate the remainder when 3424 is divided by 1127.
43
What is the remainder when 50918 is divided by 43?
6
What is the remainder when 42881 is divided by 195?
176
What is the remainder when 851210 is divided by 283733?
11
Calculate the remainder when 4602 is divided by 49.
45
Calculate the remainder when 141953 is divided by 14192.
33
Calculate the remainder when 8616 is divided by 311.
219
What is the remainder when 29778 is divided by 108?
78
What is the remainder when 915 is divided by 815?
100
What is the remainder when 174083 is divided by 174075?
8
Calculate the remainder when 289572 is divided by 219.
54
Calculate the remainder when 48917 is divided by 644.
617
Calculate the remainder when 654321 is divided by 12.
9
What is the remainder when 56980 is divided by 53?
5
Calculate the remainder when 215666 is divided by 93.
92
Calculate the remainder when 9704 is divided by 19.
14
Calculate the remainder when 8882638 is divided by 1560.
1558
What is the remainder when 1528911 is divided by 476?
475
What is the remainder when 308027 is divided by 510?
497
What is the remainder when 3317 is divided by 977?
386
Calculate the remainder when 86953 is divided by 1890.
13
Calculate the remainder when 85723 is divided by 56.
43
Calculate the remainder when 4338 is divided by 2130.
78
Calculate the remainder when 122 is divided by 27.
14
Calculate the remainder when 16057 is divided by 37.
36
What is the remainder when 2259 is divided by 724?
87
Calculate the remainder when 891 is divided by 143.
33
What is the remainder when 848087 is divided by 131?
124
What is the remainder when 5657 is divided by 11?
3
What is the remainder when 710371 is divided by 39?
25
Calculate the remainder when 9428 is divided by 556.
532
What is the remainder when 1853 is divided by 231?
5
What is the remainder when 5804 is divided by 930?
224
Calculate the remainder when 174786 is divided by 35.
31
Calculate the remainder when 1452537 is divided by 172.
169
What is the remainder when 2182204 is divided by 554?
552
Calculate the remainder when 9894 is divided by 73.
39
Calculate the remainder when 239656 is divided by 469.
466
What is the remainder when 5179 is divided by 863?
1
What is the remainder when 12670 is divided by 4202